undreds digit of 4550?
5
What is the units digit of 22920?
0
What is the thousands digit of 14748?
4
What is the tens digit of 486?
8
What is the ten thousands digit of 11517?
1
What is the hundreds digit of 5426?
4
What is the units digit of 5199?
9
What is the tens digit of 3580?
8
What is the hundreds digit of 11741?
7
What is the hundreds digit of 1111?
1
What is the hundreds digit of 749?
7
What is the tens digit of 966?
6
What is the units digit of 65599?
9
What is the tens digit of 185?
8
What is the thousands digit of 22335?
2
What is the units digit of 103251?
1
What is the hundreds digit of 665?
6
What is the hundreds digit of 2628?
6
What is the units digit of 993?
3
What is the tens digit of 663?
6
What is the units digit of 41274?
4
What is the units digit of 59358?
8
What is the tens digit of 1706?
0
What is the hundreds digit of 711?
7
What is the thousands digit of 11689?
1
What is the units digit of 3355?
5
What is the thousands digit of 35417?
5
What is the thousands digit of 2862?
2
What is the units digit of 1006?
6
What is the hundreds digit of 925?
9
What is the thousands digit of 7637?
7
What is the tens digit of 984?
8
What is the units digit of 593?
3
What is the units digit of 682?
2
What is the hundreds digit of 3118?
1
What is the thousands digit of 47328?
7
What is the hundreds digit of 807?
8
What is the units digit of 43819?
9
What is the hundreds digit of 2006?
0
What is the hundreds digit of 236?
2
What is the tens digit of 25680?
8
What is the units digit of 1324?
4
What is the hundreds digit of 4132?
1
What is the thousands digit of 6141?
6
What is the tens digit of 7628?
2
What is the hundreds digit of 49042?
0
What is the thousands digit of 53867?
3
What is the units digit of 5939?
9
What is the tens digit of 4005?
0
What is the tens digit of 269?
6
What is the tens digit of 8126?
2
What is the thousands digit of 155498?
5
What is the hundreds digit of 55302?
3
What is the hundreds digit of 2527?
5
What is the tens digit of 5143?
4
What is the thousands digit of 6244?
6
What is the hundreds digit of 170?
1
What is the ten thousands digit of 24546?
2
What is the tens digit of 8205?
0
What is the units digit of 8084?
4
What is the hundreds digit of 1137?
1
What is the units digit of 12292?
2
What is the hundreds digit of 1711?
7
What is the units digit of 23207?
7
What is the units digit of 107803?
3
What is the units digit of 23?
3
What is the tens digit of 1145?
4
What is the units digit of 152381?
1
What is the hundreds digit of 8395?
3
What is the ten thousands digit of 27281?
2
What is the ten thousands digit of 76452?
7
What is the units digit of 5881?
1
What is the tens digit of 4445?
4
What is the ten thousands digit of 27469?
2
What is the tens digit of 133642?
4
What is the hundreds digit of 4570?
5
What is the hundreds digit of 21676?
6
What is the hundreds digit of 17609?
6
What is the hundreds digit of 613?
6
What is the tens digit of 73081?
8
What is the ten thousands digit of 22778?
2
What is the tens digit of 422?
2
What is the units digit of 14489?
9
What is the hundreds digit of 348?
3
What is the thousands digit of 7059?
7
What is the units digit of 807?
7
What is the ten thousands digit of 20387?
2
What is the units digit of 8208?
8
What is the tens digit of 2436?
3
What is the tens digit of 244?
4
What is the tens digit of 3222?
2
What is the thousands digit of 3159?
3
What is the hundreds digit of 43693?
6
What is the hundreds digit of 682?
6
What is the tens digit of 43231?
3
What is the units digit of 19356?
6
What is the units digit of 11865?
5
What is the tens digit of 1001?
0
What is the units digit of 2068?
8
What is the units digit of 612?
2
What is the units digit of 1734?
4
What is the hundreds digit of 1806?
8
What is the hundreds digit of 50754?
7
What is the thousands digit of 8704?
8
What is the thousands digit of 78174?
8
What is the thousands digit of 1949?
1
What is the units digit of 5578?
8
What is the units digit of 5961?
1
What is the thousands digit of 5640?
5
What is the hundreds digit of 1592?
5
What is the units digit of 4207?
7
What is the hundreds digit of 28508?
5
What is the hundreds digit of 5830?
8
What is the units digit of 1134?
4
What is the tens digit of 1473?
7
What is the units digit of 100107?
7
What is the tens digit of 5291?
9
What is the units digit of 79132?
2
What is the thousands digit of 11340?
1
What is the thousands digit of 1098?
1
What is the hundreds digit of 88198?
1
What is the ten thousands digit of 166433?
6
What is the tens digit of 14353?
5
What is the tens digit of 835?
3
What is the ten thousands digit of 10334?
1
What is the hundreds digit of 546?
5
What is the units digit of 1570?
0
What is the tens digit of 2220?
2
What is the hundreds digit of 7413?
4
What is the ten thousands digit of 77289?
7
What is the thousands digit of 30513?
0
What is the units digit of 4852?
2
What is the tens digit of 18674?
7
What is the units digit of 13923?
3
What is the tens digit of 1893?
9
What is the units digit of 4722?
2
What is the thousands digit of 6821?
6
What is the units digit of 30819?
9
What is the hundreds digit of 5537?
5
What is the tens digit of 1403?
0
What is the thousands digit of 48766?
8
What is the thousands digit of 12739?
2
What is the units digit of 429?
9
What is the units digit of 287?
7
What is the units digit of 2919?
9
What is the hundreds digit of 1197?
1
What is the units digit of 1800?
0
What is the thousands digit of 18130?
8
What is the units digit of 2363?
3
What is the tens digit of 1407?
0
What is the tens digit of 2434?
3
What is the ten thousands digit of 44230?
4
What is the tens digit of 50206?
0
What is the units digit of 1891?
1
What is the thousands digit of 17354?
7
What is the hundreds digit of 4869?
8
What is the thousands digit of 2843?
2
What is the hundreds digit of 81753?
7
What is the ten thousands digit of 46064?
4
What is the tens digit of 4208?
0
What is the hundreds digit of 95080?
0
What is the thousands digit of 1930?
1
What is the units digit of 203?
3
What is the units digit of 1398?
8
What is the tens digit of 4870?
7
What is the hundreds digit of 1784?
7
What is the units digit of 43823?
3
What is the tens digit of 468?
6
What is the hundreds digit of 33208?
2
What is the ten thousands digit of 12914?
1
What is the units digit of 1003?
3
What is the tens digit of 15276?
7
What is the thousands digit of 37085?
7
What is the units digit of 2038?
8
What is the hundreds digit of 222?
2
What is the units digit of 34920?
0
What is the tens digit of 36828?
2
What is the tens digit of 28783?
8
What is the thousands digit of 5758?
5
What is the hundreds digit of 553?
5
What is the tens digit of 6554?
5
What is the tens digit of 10519?
1
What is the tens digit of 646?
4
What is the thousands digit of 4032?
4
What is the tens digit of 8485?
8
What is the tens digit of 14019?
1
What is the thousands digit of 84135?
4
What is the units digit of 3496?
6
What is the hundreds digit of 43028?
0
What is the units digit of 125447?
7
What is the units digit of 9885?
5
What is the thousands digit of 36912?
6
What is the tens digit of 53479?
7
What is the tens digit of 74516?
1
What is the ten thousands digit of 131356?
3
What is the units digit of 526?
6
What is the thousands digit of 5103?
5
What is the tens digit of 82?
8
What is the thousands digit of 1416?
1
What is the hundreds digit of 5257?
2
What is the ten thousands digit of 116035?
1
What is the tens digit of 2193?
9
What is the units digit of 887?
7
What is the units digit of 8333?
3
What is the tens digit of 11616?
1
What is the hundreds digit of 703?
7
What is the tens digit of 1376?
7
What is the tens digit of 45630?
3
What is the units digit of 26441?
1
What is the hundreds digit of 48402?
4
What is the units digit of 76575?
5
What is the hundreds digit of 5703?
7
What is the units digit of 5689?
9
What is the ten thousands digit of 40970?
4
What is the ten thousands digit of 13599?
1
What is the units digit of 1966?
6
What is the tens digit of 2400?
0
What is the units digit of 418?
8
What is the units digit of 39838?
8
What is the units digit of 11525?
5
What is the thousands digit of 5378?
5
What is the hundreds digit of 8552?
5
What